hat is the units digit of 946420?
0
What is the thousands digit of 208944?
8
What is the units digit of 1521571?
1
What is the tens digit of 44765?
6
What is the hundred thousands digit of 3871133?
8
What is the units digit of 21430291?
1
What is the hundreds digit of 8041394?
3
What is the tens digit of 267706?
0
What is the ten thousands digit of 8316896?
1
What is the millions digit of 2163197?
2
What is the thousands digit of 2127154?
7
What is the thousands digit of 251884?
1
What is the tens digit of 3197817?
1
What is the ten thousands digit of 713234?
1
What is the thousands digit of 478237?
8
What is the hundreds digit of 185092?
0
What is the hundred thousands digit of 4491450?
4
What is the hundreds digit of 313936?
9
What is the ten thousands digit of 1720162?
2
What is the millions digit of 2736510?
2
What is the ten thousands digit of 4332952?
3
What is the tens digit of 548123?
2
What is the millions digit of 3452304?
3
What is the hundred thousands digit of 1383165?
3
What is the thousands digit of 34715478?
5
What is the units digit of 209408?
8
What is the ten thousands digit of 575686?
7
What is the tens digit of 2729843?
4
What is the millions digit of 2339549?
2
What is the thousands digit of 1805639?
5
What is the thousands digit of 1909147?
9
What is the hundred thousands digit of 9443329?
4
What is the tens digit of 5022988?
8
What is the millions digit of 9254158?
9
What is the thousands digit of 2025265?
5
What is the millions digit of 13595684?
3
What is the tens digit of 561380?
8
What is the hundred thousands digit of 3439041?
4
What is the hundreds digit of 9419713?
7
What is the thousands digit of 1329815?
9
What is the ten thousands digit of 127655?
2
What is the units digit of 3480998?
8
What is the thousands digit of 123259?
3
What is the ten thousands digit of 331780?
3
What is the tens digit of 214249?
4
What is the thousands digit of 759226?
9
What is the thousands digit of 753640?
3
What is the ten thousands digit of 7574041?
7
What is the hundred thousands digit of 10974935?
9
What is the hundreds digit of 191927?
9
What is the hundreds digit of 472601?
6
What is the ten thousands digit of 25908203?
0
What is the thousands digit of 12889285?
9
What is the millions digit of 21514604?
1
What is the hundred thousands digit of 357741?
3
What is the thousands digit of 2990802?
0
What is the units digit of 6165182?
2
What is the ten thousands digit of 1850866?
5
What is the ten thousands digit of 257946?
5
What is the thousands digit of 4676395?
6
What is the hundred thousands digit of 29913591?
9
What is the tens digit of 168942?
4
What is the hundreds digit of 141876?
8
What is the hundreds digit of 388231?
2
What is the units digit of 7987007?
7
What is the tens digit of 3202003?
0
What is the millions digit of 1289693?
1
What is the ten thousands digit of 2005257?
0
What is the hundreds digit of 2640073?
0
What is the ten thousands digit of 242140?
4
What is the hundreds digit of 622114?
1
What is the hundreds digit of 222839?
8
What is the tens digit of 193771?
7
What is the hundred thousands digit of 6921081?
9
What is the units digit of 419775?
5
What is the units digit of 464155?
5
What is the tens digit of 24898737?
3
What is the thousands digit of 1693414?
3
What is the units digit of 411126?
6
What is the units digit of 99069?
9
What is the units digit of 23613774?
4
What is the tens digit of 30365?
6
What is the tens digit of 8348708?
0
What is the hundred thousands digit of 9368851?
3
What is the thousands digit of 1628098?
8
What is the hundreds digit of 211325?
3
What is the ten thousands digit of 222575?
2
What is the units digit of 9467102?
2
What is the units digit of 621003?
3
What is the thousands digit of 2935928?
5
What is the hundreds digit of 8904?
9
What is the units digit of 394999?
9
What is the hundreds digit of 171652?
6
What is the thousands digit of 1066346?
6
What is the hundred thousands digit of 3637668?
6
What is the millions digit of 4564875?
4
What is the thousands digit of 233662?
3
What is the hundreds digit of 24439895?
8
What is the thousands digit of 1969427?
9
What is the hundreds digit of 185006?
0
What is the units digit of 77757?
7
What is the hundred thousands digit of 13199792?
1
What is the hundreds digit of 725648?
6
What is the hundreds digit of 661395?
3
What is the millions digit of 4981219?
4
What is the units digit of 51985?
5
What is the thousands digit of 1377572?
7
What is the units digit of 23882739?
9
What is the millions digit of 7605979?
7
What is the thousands digit of 107774?
7
What is the hundred thousands digit of 1627326?
6
What is the units digit of 4102311?
1
What is the tens digit of 37744?
4
What is the ten millions digit of 24904381?
2
What is the hundred thousands digit of 162095?
1
What is the hundred thousands digit of 27830011?
8
What is the millions digit of 7998986?
7
What is the hundreds digit of 542723?
7
What is the hundred thousands digit of 3202345?
2
What is the hundred thousands digit of 16551471?
5
What is the units digit of 1232120?
0
What is the units digit of 3566140?
0
What is the ten thousands digit of 831548?
3
What is the tens digit of 1104905?
0
What is the tens digit of 1250203?
0
What is the thousands digit of 280505?
0
What is the thousands digit of 85755?
5
What is the units digit of 80825?
5
What is the ten thousands digit of 1321692?
2
What is the ten thousands digit of 366420?
6
What is the ten thousands digit of 18142674?
4
What is the thousands digit of 38450578?
0
What is the hundreds digit of 49289?
2
What is the ten millions digit of 23821819?
2
What is the hundreds digit of 6332?
3
What is the tens digit of 939948?
4
What is the units digit of 245131?
1
What is the hundreds digit of 19086220?
2
What is the thousands digit of 230670?
0
What is the hundred thousands digit of 338847?
3
What is the hundred thousands digit of 20326795?
3
What is the units digit of 1151457?
7
What is the thousands digit of 790789?
0
What is the hundred thousands digit of 592138?
5
What is the tens digit of 13007605?
0
What is the millions digit of 4116952?
4
What is the units digit of 182039?
9
What is the tens digit of 85396?
9
What is the millions digit of 3289365?
3
What is the hundreds digit of 1167014?
0
What is the ten thousands digit of 2937785?
3
What is the units digit of 35094?
4
What is the hundreds digit of 1307405?
4
What is the hundreds digit of 2847138?
1
What is the thousands digit of 263895?
3
What is the millions digit of 1055877?
1
What is the thousands digit of 620634?
0
What is the units digit of 2577477?
7
What is the hundred thousands digit of 320391?
3
What is the thousands digit of 743305?
3
What is the thousands digit of 60551?
0
What is the ten thousands digit of 51507?
5
What is the units digit of 2511228?
8
What is the units digit of 3866923?
3
What is the hundreds digit of 325991?
9
What is the units digit of 1463463?
3
What is the thousands digit of 237164?
7
What is the thousands digit of 190055?
0
What is the thousands digit of 31830536?
0
What is the ten thousands digit of 359279?
5
What is the units digit of 167059?
9
What is the thousands digit of 4982058?
2
What is the thousands digit of 549788?
9
What is the ten thousands digit of 3655935?
5
What is the tens digit of 281285?
8
What is the hundred thousands digit of 884904?
8
What is the hundreds digit of 1034396?
3
What is the thousands digit of 16942300?
2
What is the units digit of 1181601?
1
What is the units digit of 1473411?
1
What is the hundred thousands digit of 587176?
5
What is the ten thousands digit of 29999?
2
What is the units digit of 6589261?
1
What is the hundreds digit of 102372?
3
What is the thousands digit of 22656139?
6
What is the units digit of 955384?
4
What is the hundreds digit of 19234?
2
What is the ten thousands digit of 11211?
1
What is the thousands digit of 130336?
0
What is the tens digit of 834522?
2
What is the hundreds digit of 5906327?
3
What is the hundreds digit of 506210?
2
What is the hundred thousands digit of 13977256?
9
What is the thousands digit of 9469472?
9
What is the ten millions digit of 15829898?
1
What is the thousands digit of 8169034?
9
What is the tens digit of 557007?
0
What is t